rime factors of 1231719081.
3, 191, 829, 2593
List the prime factors of 1120656812.
2, 11, 101, 252173
What are the prime factors of 3845233937?
137, 2131, 13171
What are the prime factors of 102845116?
2, 11, 2337389
What are the prime factors of 200252762?
2, 53, 1889177
List the prime factors of 2857858628.
2, 19, 31, 229, 5297
List the prime factors of 178581743.
178581743
What are the prime factors of 1481502458?
2, 547, 1354207
List the prime factors of 846386099.
13, 1249, 52127
List the prime factors of 188173863.
3, 457, 45751
List the prime factors of 4426807287.
3, 7, 210800347
What are the prime factors of 49335447?
3, 7, 2349307
What are the prime factors of 978787601?
11, 349, 254959
List the prime factors of 112991851.
7, 16141693
What are the prime factors of 7571523399?
3, 11, 587, 390869
List the prime factors of 1038486442.
2, 7, 79, 967, 971
List the prime factors of 1633167021.
3, 19, 28652053
What are the prime factors of 209128570?
2, 5, 7, 29, 14717
What are the prime factors of 26625934?
2, 67, 198701
What are the prime factors of 230007333?
3, 53, 1446587
List the prime factors of 319551721.
37, 8636533
List the prime factors of 289217644.
2, 72304411
List the prime factors of 135753613.
19, 23, 241, 1289
List the prime factors of 121295521.
107, 181, 6263
List the prime factors of 308793644.
2, 17, 4541083
What are the prime factors of 2054651624?
2, 29, 47, 188431
List the prime factors of 47761511.
7, 109, 62597
List the prime factors of 601638130.
2, 5, 37, 157, 10357
What are the prime factors of 4451359?
11, 37, 10937
What are the prime factors of 303855743?
303855743
What are the prime factors of 84189366?
2, 3, 31, 157
List the prime factors of 49178715.
3, 5, 23, 142547
List the prime factors of 271387811.
19, 911, 15679
What are the prime factors of 93376262?
2, 7, 79, 1723
What are the prime factors of 160430029?
160430029
List the prime factors of 991684095.
3, 5, 59, 1120547
What are the prime factors of 2863098968?
2, 199, 1798429
What are the prime factors of 29464504?
2, 157, 23459
List the prime factors of 15725387.
15725387
What are the prime factors of 59347119?
3, 13, 17, 89513
List the prime factors of 15474421.
47, 329243
List the prime factors of 20168355.
3, 5, 23, 53, 1103
What are the prime factors of 2774326027?
11, 252211457
List the prime factors of 120706594.
2, 421, 143357
List the prime factors of 1119075271.
541, 643, 3217
What are the prime factors of 158982092?
2, 41, 969403
What are the prime factors of 2422748669?
11, 83, 2653613
List the prime factors of 145225075.
5, 19, 41, 7457
List the prime factors of 612096844.
2, 6599, 23189
List the prime factors of 2435039564.
2, 608759891
What are the prime factors of 262314519?
3, 87438173
List the prime factors of 111755681.
3607, 30983
List the prime factors of 210870107.
7, 29, 61, 17029
What are the prime factors of 34685003?
3643, 9521
List the prime factors of 154335127.
43, 3589189
What are the prime factors of 22607327?
29, 779563
What are the prime factors of 265166558?
2, 132583279
List the prime factors of 3224974906.
2, 263, 6131131
List the prime factors of 3806555.
5, 17, 19, 2357
What are the prime factors of 2342101807?
30661, 76387
List the prime factors of 17891865.
3, 5, 397597
What are the prime factors of 1571969348?
2, 139, 1013, 2791
List the prime factors of 47888485.
5, 9577697
What are the prime factors of 1530606513?
3, 510202171
What are the prime factors of 1886410887?
3, 17389, 36161
What are the prime factors of 1832779340?
2, 5, 7, 38167
What are the prime factors of 180979668?
2, 3, 59, 139, 613
What are the prime factors of 88532560?
2, 5, 101, 10957
What are the prime factors of 2579272?
2, 322409
What are the prime factors of 447666093?
3, 7, 1051, 6761
List the prime factors of 1463051391.
3, 47, 613, 16927
What are the prime factors of 290226758?
2, 331, 438409
What are the prime factors of 126712519?
3371, 37589
What are the prime factors of 174112617?
3, 7, 257, 32261
What are the prime factors of 19454291?
1427, 13633
What are the prime factors of 227851835?
5, 2239, 20353
List the prime factors of 9744521.
89, 103, 1063
List the prime factors of 1158749181.
3, 19, 71, 95441
List the prime factors of 35064876.
2, 3, 7, 11, 137, 277
List the prime factors of 47904110.
2, 5, 569, 8419
What are the prime factors of 69070559?
69070559
What are the prime factors of 354529503?
3, 39392167
What are the prime factors of 54729159?
3, 18243053
List the prime factors of 61581787.
23, 503, 5323
What are the prime factors of 3544691438?
2, 1772345719
List the prime factors of 176526901.
176526901
What are the prime factors of 658738124?
2, 11, 23, 650927
What are the prime factors of 3431578243?
3931, 872953
List the prime factors of 1201414331.
13, 31, 96167
List the prime factors of 53525202.
2, 3, 8920867
What are the prime factors of 298237765?
5, 7, 1217297
List the prime factors of 1176609779.
29, 3709, 10939
List the prime factors of 8856110406.
2, 3, 11, 13, 19, 543253
What are the prime factors of 71463672?
2, 3, 7, 141793
List the prime factors of 257840395.
5, 51568079
List the prime factors of 47268444.
2, 3, 173, 22769
What are the prime factors of 386151196?
2, 96537799
List the prime factors of 591425473.
23, 3499, 7349
What are the prime factors of 46420729?
367, 126487
List the prime factors of 147070639.
269, 546731
What are the prime factors of 362056674?
2, 3, 7, 53, 162649
What are the prime factors of 4432906473?
3, 19, 31, 47, 53377
What are the prime factors of 181437299?
3541, 51239
What are the prime factors of 31238767?
7, 37, 103, 1171
What are the prime factors of 813258556?
2, 11, 1193, 15493
List the prime factors of 4834813917.
3, 1611604639
List the prime factors of 1295320281.
3, 2543, 169789
What are the prime factors of 124935791?
37, 3376643
List the prime factors of 875965435.
5, 175193087
What are the prime factors of 45286901?
11, 4116991
What are the prime factors of 65051835?
3, 5, 563, 7703
What are the prime factors of 429379775?
5, 11, 919, 1699
List the prime factors of 90059490.
2, 3, 5, 23, 139, 313
List the prime factors of 1330772691.
3, 283, 449, 3491
List the prime factors of 3129694384.
2, 29, 6745031
List the prime factors of 46083363.
3, 397, 38693
List the prime factors of 4890053841.
3, 653, 2496199
List the prime factors of 337373906.
2, 1123, 150211
What are the prime factors of 31136824?
2, 3892103
List the prime factors of 173409033.
3, 7, 139, 59407
List the prime factors of 44330896.
2, 53, 61, 857
What are the prime factors of 2384959455?
3, 5, 53, 999983
What are the prime factors of 409364081?
7, 8354369
List the prime factors of 16142206.
2, 8071103
List the prime factors of 1682555574.
2, 3, 7, 40060847
List the prime factors of 78563621.
78563621
List the prime factors of 61157503.
11, 5559773
What are the prime factors of 444332259?
3, 7, 7052893
What are the prime factors of 353650273?
29, 967, 12611
List the prime factors of 389149321.
11, 191, 185221
What are the prime factors of 278067920?
2, 5, 13, 267373
What are the prime factors of 43101323?
577, 74699
List the prime factors of 86098888.
2, 83, 127, 1021
List the prime factors of 459400814.
2, 71, 3235217
What are the prime factors of 369909029?
7, 52844147
List the prime factors of 1461512467.
311, 1039, 4523
What are the prime factors of 247169836?
2, 881, 70139
List the prime factors of 967605774.
2, 3, 161267629
What are the prime factors of 39896528?
2, 7, 356219
List the prime factors of 3782427283.
29, 59, 2210653
List the prime factors of 75580821.
3, 31, 270899
What are the prime factors of 126575580?
2, 3, 5, 2109593
List the prime factors of 247780136.
2, 30972517
What are the prime factors of 928174992?
2, 3, 2017, 9587
List the prime factors of 2661461437.
2661461437
What are the prime factors of 69773860?
2, 5, 13, 37, 7253
What are the prime factors of 11959240?
2, 5, 71, 4211
List the prime factors of 1579439803.
53, 29800751
List the prime factors of 94443724.
2, 1031, 22901
List the prime factors of 118089551.
118089551
What are the prime factors of 85933940?
2, 5, 1427, 3011
What are the prime factors of 721592670?
2, 3, 5, 631, 38119
What are the prime facto